 10?
-214422
In base 7, what is 0 + -1223?
-1223
In base 7, what is 26 + -6?
20
In base 5, what is 20421 + 1?
20422
In base 11, what is -8 + 12?
5
In base 14, what is 9 - -dd?
108
In base 5, what is 1 - 1303?
-1302
In base 12, what is -488 - -2?
-486
In base 10, what is -3 + 1639?
1636
In base 11, what is 20 + 0?
20
In base 11, what is 268 - 13?
255
In base 12, what is 184 + -2?
182
In base 9, what is 1856 + 5?
1862
In base 9, what is -562 + -4?
-566
In base 14, what is 1 + 35?
36
In base 11, what is 1789 - -2?
1790
In base 5, what is -21 + 4?
-12
In base 6, what is -214 + 34?
-140
In base 8, what is 103 + 10?
113
In base 12, what is 5 + 244?
249
In base 16, what is a3a + 1?
a3b
In base 13, what is 15 + 149?
161
In base 11, what is -1 - 414?
-415
In base 8, what is -1336 + -13?
-1351
In base 2, what is -1 + 1010101010?
1010101001
In base 9, what is 23 + 10?
33
In base 12, what is 3 - 17a?
-177
In base 13, what is 1bb1 + -3?
1bab
In base 15, what is -17 + 3?
-14
In base 2, what is 10 + 10010110110?
10010111000
In base 7, what is -5 - -32?
24
In base 12, what is -498 - 4?
-4a0
In base 12, what is 4 + 38?
40
In base 9, what is -10317 - -2?
-10315
In base 10, what is 6842 + 2?
6844
In base 11, what is 9 + 14a?
158
In base 14, what is 39 - -5?
40
In base 7, what is -104 + 122?
15
In base 15, what is -3 + 41?
3d
In base 8, what is 626 + 0?
626
In base 6, what is 2 + 1105?
1111
In base 5, what is 10200 - -103?
10303
In base 13, what is -3 - 44a?
-450
In base 9, what is 4 - 748?
-744
In base 6, what is 5 - -1540?
1545
In base 13, what is -c + -79?
-88
In base 16, what is -9 - a6?
-af
In base 9, what is -10 + -12?
-22
In base 8, what is 775 + 4?
1001
In base 5, what is -2113 + -1?
-2114
In base 3, what is -2010112 + 11?
-2010101
In base 6, what is 45205 + 0?
45205
In base 9, what is -3068 + 2?
-3066
In base 14, what is -c4 - 5?
-c9
In base 14, what is -407 - 3?
-40a
In base 4, what is -1212 + -210?
-2022
In base 2, what is 11 + 1000000?
1000011
In base 6, what is -45331 + 3?
-45324
In base 6, what is 2 - 1414?
-1412
In base 12, what is 61 - -7?
68
In base 4, what is -23 + 33002?
32313
In base 15, what is -4 + 2ae?
2aa
In base 8, what is 1235 + -7?
1226
In base 13, what is 28 - -1?
29
In base 16, what is 1d - -34?
51
In base 10, what is -2 + -115?
-117
In base 4, what is 12 + -20331?
-20313
In base 14, what is -20a - -4?
-206
In base 5, what is 2 + -331?
-324
In base 10, what is 445 - 5?
440
In base 6, what is 4 - -2313?
2321
In base 5, what is 0 - -23?
23
In base 13, what is 112 + 8?
11a
In base 15, what is 1 - 24?
-23
In base 16, what is 19 - 9?
10
In base 12, what is -4a + a1?
53
In base 14, what is 6c3 - -8?
6cb
In base 4, what is -20 + 2332?
2312
In base 10, what is 4 - -1036?
1040
In base 11, what is 3 - -5a14?
5a17
In base 11, what is -1269 + -7?
-1275
In base 3, what is 2 - -21121?
21200
In base 6, what is -1 - 13314?
-13315
In base 16, what is 4 + 103?
107
In base 5, what is -12 + 133?
121
In base 8, what is -212 - 1?
-213
In base 12, what is -65 - -132?
89
In base 12, what is -831 + 4?
-829
In base 13, what is 4 + -1b?
-17
In base 14, what is 625 - 0?
625
In base 12, what is -3 - -22?
1b
In base 7, what is 2 + 115?
120
In base 3, what is -201 + 0?
-201
In base 15, what is -2 + ca?
c8
In base 16, what is 5 + -18?
-13
In base 9, what is -3 + -5115?
-5118
In base 4, what is 22232 - 2?
22230
In base 16, what is 57 - 7f?
-28
In base 3, what is -10 - -10220?
10210
In base 10, what is -101 - -11?
-90
In base 14, what is -6 + -d1?
-d7
In base 10, what is 903 + 5?
908
In base 7, what is 10202 - 5?
10164
In base 7, what is 15 + 260?
305
In base 8, what is -3 - 2765?
-2770
In base 10, what is -217 - -9?
-208
In base 4, what is 13 + 100?
113
In base 15, what is -a + -39d?
-3a8
In base 2, what is -10 + -1111101?
-1111111
In base 12, what is -600 + -5?
-605
In base 15, what is -29 + -aa?
-d4
In base 6, what is -1 + -55?
-100
In base 13, what is 9b - -7?
a5
In base 13, what is b64 - 5?
b5c
In base 16, what is 3 + 3c?
3f
In base 9, what is 1038 - 1?
1037
In base 8, what is 17 - 542?
-523
In base 8, what is 205 - -12?
217
In base 4, what is -2111312 + -3?
-2111321
In base 5, what is -3114 - -3?
-3111
In base 16, what is -342 - -1e?
-324
In base 2, what is 110000100 + -101?
101111111
In base 2, what is 10110111110 - 0?
10110111110
In base 4, what is 2002 - 3?
1333
In base 8, what is -1373 - -3?
-1370
In base 5, what is -4 - -400?
341
In base 13, what is -3 - 6?
-9
In base 3, what is -1 - 112100?
-112101
In base 7, what is -25 - 11?
-36
In base 16, what is 9 - c7?
-be
In base 12, what is -80 + -4?
-84
In base 16, what is -3 - -28?
25
In base 5, what is 313 - -3?
321
In base 5, what is -2021 + -2?
-2023
In base 10, what is 3 - -63?
66
In base 3, what is 102 - 11?
21
In base 5, what is 2141420 + 10?
2141430
In base 15, what is 5b2 + -3?
5ae
In base 5, what is -4 - 12?
-21
In base 9, what is -350 + 8?
-341
In base 12, what is -1 - -2b6?
2b5
In base 2, what is -101 - -1111010?
1110101
In base 9, what is 16 + -86?
-70
In base 9, what is -218 + 0?
-218
In base 2, what is -11 + -1101010110?
-1101011001
In base 3, what is 1 + 20110011?
20110012
In base 4, what is 13 + -11310?
-11231
In base 4, what is 20311 - -2?
20313
In base 5, what is -30 - 14?
-44
In base 5, what is 100 + 4231?
4331
In base 11, what is -803 + 35?
-779
In base 6, what is -124402 + 4?
-124354
In base 7, what is 5 + 5?
13
In base 11, what is -1 - -8?
7
In base 11, what is -7 - 51?
-58
In base 2, what is -10010 - 1000?
-11010
In base 6, what is 20550 + -3?
20543
In base 5, what is 4 + 132?
141
In base 11, what is 3 + -107?
-104
In base 2, what is 11 - -1011?
1110
In base 8, what is 5727 - 4?
5723
In base 9, what is 3 + -122?
-118
In base 11, what is 0 - a9?
-a9
In base 5, what is 433 + -4?
424
In base 11, what is 141 + 0?
141
In base 5, what is -231420 + 10?
-231410
In base 11, what is 403 - -23?
426
In base 4, what is 20 - -222?
302
In base 13, what is 49 - 13?
36
In base 2, what is -111001 + 111?
-110010
In base 10, what is 0 - 16?
-16
In base 16, what is -2caa + 0?
-2caa
In base 10, what is -153 - 80?
-233
In base 10, what is -698 + -5?
-703
In base 15, what is -d + -19?
-27
In base 2, what is -11 - 111100011101?
-111100100000
In base 4, what is -10 + -1?
-11
In base 10, what is -763 + 4?
-759
In base 9, what is 175 + -1?
174
In base 2, what is -110 - 11110110?
-11111100
In base 2, what is -110110110000 - -11?
-110110101101
In base 16, what is 5 + 22?
27
In base 6, what is 3 + 240?
243
In base 12, what is -27 - 4b?
-76
In base 4, what is 1 + 131131?
131132
In base 10, what is 5 - 201?
-196
In base 10, what is 27 - -66?
93
In base 11, what is -a79 + -2?
-a80
In base 10, what is 3 + -684?
-681
In base 4, what is 0 + -22220?
-22220
In base 15, what is -3a + -30?
-6a
In base 11, what is 498 - 5?
493
In base 16, what is 5 - 226?
-221
In base 9, what is 3806 - 3?
3803
In base 5, what is -2 + 142332?
142330
In base 6, what is -422 + -100?
-522
In base 14, what is 2 - -36?
38
In base 8, what is 12 + -3?
7
In base 9, what is -2485 - 0?
-2485
In base 15, what is b7 - 26?
91
In base 2, what is 100 + -1010011111?
-1010011011
In base 10, what is -85 - 2?
-87
In base 2, what is -1011110011001 + -11?
-1011110011100
In base 13, what is 83 - -b?
91
In base 13, what is -5 + -25?
-2a
In base 16, what is -2cc + 0?
-2cc
In base 3, what is -20122 + -10?
-20202
In base 12, what is -9 + -3b?
-48
In base 5, what is 34204 - -10?
34214
In base 9, what is -6518 - 4?
-6523
In base 7, what is 1 - -506?
510
In base 8, what is 153 - 61?
72
In base 5, what is -20 + 10224?
10204
In base 16, what is -3a1 - -4?
-39d
In base 3, what is 2012 + -102?
1210
In base 8, what is 76 - 42?
34
In base 7, what is -12 + 16560?
16545
In base 9, what is -5 - 2174?
-2180
In base 11, what is 0 - 0?
0
In base 13, what is -c5c + -4?
-c63
In base 11, what is -51 + 5?
-47
In base 16, what is 6a59 + -4?
6a55
In base 7, what is -2 - 625?
-630
In base 7, what is 21 + 1130?
1151
In base 7, what is 4 - 46?
-42
In base 5, what is 1120 + -123?
442
In base 7, what is 4 - -664?
1001
In base 7, what is 65 - -202?
300
In base 7, what is -4 - 150?
-154
In base 16, what is -84 - -3?
-81
In base 8, what is -2205 - -1?
-2204
In base 8, what is -3 + 171?
166
In base 